st common divisor of 102 and 2159.
17
What is the highest common divisor of 22 and 11?
11
What is the greatest common divisor of 8249 and 226?
113
Calculate the greatest common factor of 455 and 130.
65
Calculate the highest common factor of 575 and 23.
23
What is the highest common factor of 17708 and 76?
76
What is the greatest common divisor of 16 and 62?
2
Calculate the greatest common divisor of 88 and 14553.
11
What is the highest common divisor of 2 and 178?
2
What is the greatest common divisor of 68 and 13770?
34
Calculate the highest common divisor of 28 and 20.
4
Calculate the highest common divisor of 13440 and 40.
40
What is the greatest common factor of 217 and 372?
31
Calculate the greatest common divisor of 1232 and 1078.
154
What is the highest common factor of 3182 and 148?
74
Calculate the highest common divisor of 160 and 1590.
10
Calculate the highest common factor of 56 and 133.
7
Calculate the greatest common divisor of 166 and 6059.
83
Calculate the highest common factor of 954 and 530.
106
What is the highest common divisor of 342 and 102?
6
Calculate the greatest common divisor of 3141 and 18.
9
Calculate the highest common factor of 12 and 2238.
6
Calculate the highest common divisor of 77 and 1001.
77
Calculate the greatest common factor of 318 and 66.
6
What is the greatest common divisor of 5052 and 24?
12
Calculate the highest common divisor of 27 and 153.
9
Calculate the greatest common factor of 1104 and 3496.
184
Calculate the highest common factor of 667 and 46.
23
Calculate the highest common factor of 5 and 15.
5
What is the greatest common divisor of 32 and 96?
32
Calculate the greatest common factor of 6 and 2118.
6
Calculate the highest common factor of 3965 and 244.
61
Calculate the greatest common divisor of 60 and 675.
15
Calculate the greatest common divisor of 574 and 406.
14
What is the highest common divisor of 29 and 3509?
29
What is the highest common divisor of 260 and 5020?
20
Calculate the greatest common divisor of 10 and 830.
10
What is the greatest common divisor of 1333 and 129?
43
What is the highest common divisor of 2864 and 32?
16
What is the highest common factor of 6 and 542?
2
What is the greatest common factor of 4473 and 7?
7
What is the greatest common factor of 9 and 279?
9
What is the greatest common divisor of 55 and 935?
55
Calculate the greatest common divisor of 15160 and 40.
40
What is the greatest common factor of 3050 and 122?
122
What is the greatest common factor of 57 and 24?
3
What is the highest common factor of 136 and 153?
17
What is the greatest common factor of 735 and 175?
35
What is the highest common divisor of 24 and 248?
8
What is the greatest common divisor of 56 and 2268?
28
What is the highest common factor of 112 and 3472?
112
Calculate the greatest common factor of 12563 and 17.
17
What is the greatest common factor of 20 and 8?
4
What is the greatest common divisor of 7018 and 1089?
121
Calculate the highest common divisor of 1883 and 7.
7
What is the greatest common factor of 46 and 2392?
46
Calculate the highest common factor of 15808 and 741.
247
What is the highest common factor of 72 and 1024?
8
Calculate the greatest common divisor of 230 and 161.
23
Calculate the greatest common factor of 64 and 5488.
16
What is the greatest common divisor of 611 and 39?
13
Calculate the greatest common divisor of 248 and 8.
8
Calculate the greatest common factor of 1515 and 30.
15
Calculate the highest common factor of 430 and 10.
10
What is the greatest common divisor of 156 and 273?
39
What is the greatest common factor of 203 and 721?
7
Calculate the highest common factor of 33 and 132.
33
Calculate the highest common factor of 100 and 925.
25
What is the greatest common factor of 1242 and 230?
46
Calculate the highest common factor of 15 and 9090.
15
Calculate the greatest common factor of 1545 and 15.
15
What is the greatest common factor of 7110 and 60?
30
What is the highest common divisor of 1075 and 50?
25
What is the greatest common factor of 12520 and 24?
8
Calculate the greatest common factor of 117 and 2301.
39
What is the highest common divisor of 19 and 12578?
19
Calculate the highest common divisor of 229 and 8244.
229
Calculate the highest common divisor of 91 and 14.
7
What is the highest common factor of 1617 and 14?
7
Calculate the greatest common divisor of 812 and 11020.
116
Calculate the highest common divisor of 208 and 13.
13
Calculate the greatest common divisor of 2520 and 4.
4
What is the greatest common divisor of 168 and 6?
6
Calculate the greatest common factor of 80 and 40.
40
Calculate the greatest common divisor of 170 and 34.
34
Calculate the greatest common factor of 135 and 4320.
135
What is the greatest common divisor of 4870 and 10?
10
Calculate the highest common divisor of 13 and 3159.
13
What is the greatest common factor of 22506 and 242?
242
Calculate the highest common factor of 21 and 31227.
21
Calculate the highest common divisor of 18945 and 45.
45
Calculate the greatest common divisor of 22701 and 14.
7
Calculate the greatest common factor of 40 and 370.
10
Calculate the highest common factor of 310 and 124.
62
Calculate the greatest common factor of 42 and 406.
14
What is the highest common factor of 154 and 44?
22
What is the greatest common factor of 1398 and 108?
6
What is the highest common factor of 96 and 120?
24
What is the highest common factor of 1843 and 19?
19
Calculate the greatest common factor of 6 and 4761.
3
What is the greatest common divisor of 247 and 793?
13
Calculate the highest common divisor of 182 and 286.
26
Calculate the highest common divisor of 6 and 1158.
6
Calculate the greatest common divisor of 12024 and 72.
72
What is the greatest common factor of 23009 and 38?
19
What is the highest common divisor of 198 and 54?
18
What is the highest common factor of 15 and 3855?
15
Calculate the highest common factor of 4 and 404.
4
What is the highest common divisor of 333 and 1143?
9
Calculate the greatest common divisor of 7316 and 472.
236
What is the greatest common factor of 3 and 39?
3
What is the highest common divisor of 6744 and 120?
24
What is the highest common factor of 62076 and 21?
21
What is the highest common divisor of 54 and 14004?
18
What is the greatest common divisor of 168 and 984?
24
What is the greatest common divisor of 8670 and 17?
17
What is the greatest common divisor of 48 and 336?
48
What is the greatest common divisor of 68 and 15742?
34
Calculate the highest common divisor of 54 and 450.
18
What is the greatest common divisor of 2891 and 472?
59
Calculate the highest common factor of 1860 and 496.
124
Calculate the highest common divisor of 1312 and 96.
32
What is the greatest common factor of 104 and 39?
13
What is the highest common divisor of 18 and 24?
6
Calculate the greatest common factor of 92 and 4.
4
What is the highest common divisor of 186 and 20584?
62
Calculate the highest common divisor of 80 and 24.
8
What is the greatest common factor of 24 and 762?
6
What is the highest common divisor of 25 and 275?
25
Calculate the greatest common factor of 28 and 1218.
14
What is the greatest common divisor of 86 and 1161?
43
What is the greatest common divisor of 21 and 3?
3
Calculate the greatest common factor of 323 and 221.
17
Calculate the greatest common divisor of 22 and 8.
2
What is the greatest common factor of 484 and 256?
4
Calculate the highest common factor of 2 and 31.
1
Calculate the highest common factor of 3988 and 8.
4
Calculate the greatest common factor of 3129 and 42.
21
Calculate the highest common factor of 182 and 21.
7
What is the greatest common divisor of 48 and 11064?
24
Calculate the highest common factor of 4018 and 343.
49
What is the greatest common factor of 507 and 3?
3
What is the highest common factor of 15 and 5415?
15
Calculate the highest common divisor of 225 and 20.
5
What is the greatest common divisor of 266 and 14?
14
Calculate the greatest common divisor of 129 and 6.
3
What is the highest common factor of 465 and 23994?
93
Calculate the greatest common divisor of 106 and 5989.
53
What is the highest common divisor of 51 and 2703?
51
What is the greatest common factor of 490 and 140?
70
What is the greatest 